{"id":8264,"date":"2023-06-19T06:28:47","date_gmt":"2023-06-19T04:28:47","guid":{"rendered":"https:\/\/thombd.fr\/?post_type=product&#038;p=8264"},"modified":"2023-06-19T14:46:53","modified_gmt":"2023-06-19T12:46:53","slug":"tasse-en-metal","status":"publish","type":"product","link":"https:\/\/thombd.fr\/?product=tasse-en-metal","title":{"rendered":"Tasse en Metal"},"content":{"rendered":"<ul>\n<li>capacit\u00e9 de 380 ml<\/li>\n<li>m\u00e9tallique et \u00e9maill\u00e9e<\/li>\n<li>conception de finition laqu\u00e9e<\/li>\n<li>imperfections irr\u00e9guli\u00e8res pour un plus grand r\u00e9alisme r\u00e9tro<\/li>\n<\/ul>\n","protected":false},"excerpt":{"rendered":"<p>Tasse metal \u00e9maill\u00e9e, l\u2019atelier du 26.<\/p>\n","protected":false},"featured_media":8292,"comment_status":"open","ping_status":"closed","template":"","meta":[],"product_brand":[],"product_cat":[36],"product_tag":[57],"class_list":{"0":"post-8264","1":"product","2":"type-product","3":"status-publish","4":"has-post-thumbnail","6":"product_cat-latelier-du-26","7":"product_tag-26-workers","9":"first","10":"outofstock","11":"shipping-taxable","12":"purchasable","13":"product-type-simple"},"jetpack_sharing_enabled":true,"_links":{"self":[{"href":"https:\/\/thombd.fr\/index.php?rest_route=\/wp\/v2\/product\/8264","targetHints":{"allow":["GET"]}}],"collection":[{"href":"https:\/\/thombd.fr\/index.php?rest_route=\/wp\/v2\/product"}],"about":[{"href":"https:\/\/thombd.fr\/index.php?rest_route=\/wp\/v2\/types\/product"}],"replies":[{"embeddable":true,"href":"https:\/\/thombd.fr\/index.php?rest_route=%2Fwp%2Fv2%2Fcomments&post=8264"}],"wp:featuredmedia":[{"embeddable":true,"href":"https:\/\/thombd.fr\/index.php?rest_route=\/wp\/v2\/media\/8292"}],"wp:attachment":[{"href":"https:\/\/thombd.fr\/index.php?rest_route=%2Fwp%2Fv2%2Fmedia&parent=8264"}],"wp:term":[{"taxonomy":"product_brand","embeddable":true,"href":"https:\/\/thombd.fr\/index.php?rest_route=%2Fwp%2Fv2%2Fproduct_brand&post=8264"},{"taxonomy":"product_cat","embeddable":true,"href":"https:\/\/thombd.fr\/index.php?rest_route=%2Fwp%2Fv2%2Fproduct_cat&post=8264"},{"taxonomy":"product_tag","embeddable":true,"href":"https:\/\/thombd.fr\/index.php?rest_route=%2Fwp%2Fv2%2Fproduct_tag&post=8264"}],"curies":[{"name":"wp","href":"https:\/\/api.w.org\/{rel}","templated":true}]}}